r when 16826 is divided by q(14).
7
Suppose -2*n = -5*l + 216, 61 + 35 = 2*l + 4*n. What is the remainder when 132 is divided by l?
0
Let z = -8874 + 9711. Calculate the remainder when z is divided by 22.
1
Let s(j) = -29*j**2 + 409*j + 8. Calculate the remainder when 648 is divided by s(14).
48
Let x(g) = -g**3 + 8*g**2 + 2*g + 2. Let d(i) = i**2 - 46*i + 499. Calculate the remainder when x(5) is divided by d(29).
3
Suppose -5137 - 1311 = -44*l - 8*l. Calculate the remainder when l is divided by 33.
25
Let u(i) be the second derivative of -11*i**3/6 - i**2 - 16*i. Let k be u(-4). Let f = -25 + k. What is the remainder when 46 is divided by f?
12
Suppose 196 = 17*a - 13*a + 4*r, -4*a + 2*r = -214. Calculate the remainder when 253 is divided by a.
45
Suppose 3*t + p = 4*t - 176, -749 = -4*t - 5*p. Suppose -46*x + 79*x = 264. What is the remainder when t is divided by x?
5
Let g be 2/(-9) + (-824)/18. Let p be (780/10)/13 - 334/2. Let q = g - p. What is the remainder when q is divided by 29?
28
Let v(x) = -2*x + 25. Suppose 5*o - 40 = 10. Let h be v(o). Let i(u) = 3*u - 11. What is the remainder when 31 is divided by i(h)?
3
Suppose -5*m - 2055 = -5*l, 3*l - 2031 = -2*l - 3*m. Let c = -207 + l. Calculate the remainder when c is divided by 34.
31
Suppose -13*m + 34*m - 210 = 0. Suppose m*g + 222 = 3*x + 7*g, -g = -3*x + 218. Calculate the remainder when x is divided by 28.
16
Suppose -3*v + 17 = -5*a, 4*v + 2*a + 0*a - 14 = 0. Calculate the remainder when -4 - (-9)/(-12)*-12 is divided by v.
1
Let q(z) = 3*z**2 - 5*z - 20. Let y be q(19). What is the remainder when (4/6)/1 + y/24 is divided by 48/18*(-36)/(-16)?
5
Let n = 4687 + -4345. Calculate the remainder when n is divided by 29.
23
Let w(c) = c**2 - c - 10. Let u(o) = -6*o - 27. Let n be u(-5). Suppose 2*q + 3 = -3*i + 16, n*q - 12 = -3*i. What is the remainder when 18 is divided by w(i)?
8
Suppose 2*l - 58 = -4*f, 3*f + 24 = 4*l - 3*l. What is the remainder when l is divided by (-3)/((42/(-26))/7) + -8?
2
Suppose -2*o = -4*n + 344, -3*n = 4*o - 332 + 63. Calculate the remainder when n is divided by 18.
15
Let q = 5692 - 5668. What is the remainder when 249 is divided by q?
9
Let b(l) = -l**3 + l**2 + 9*l + 9. Let o(d) = -2*d**2 + 35*d + 37. What is the remainder when b(-6) is divided by o(18)?
17
Suppose 5*f + 500 = 2*o, -812*f = 2*o - 808*f - 446. What is the remainder when o is divided by 15?
10
Suppose 17 = 10*k - 13. Suppose 3*b = -y - 12, 0 = 2*y - k*b - b - 26. What is the remainder when 141 is divided by y?
0
Suppose -14*r = -r - 1651. Let m = 147 - r. Suppose -w = -2*c - 110 + 33, 2*w - 152 = 2*c. Calculate the remainder when w is divided by m.
15
Let j(r) = -8*r - 106. Let v(x) = -3. Let d(g) = -3*j(g) + 12*v(g). What is the remainder when 131 is divided by d(-11)?
5
Calculate the remainder when 236/5664 - 390766/(-48) is divided by 6.
5
Let c = -631 - -892. Suppose 5*u - c = 209. Calculate the remainder when u is divided by 4.
2
Let x(v) = -22 - 966*v + 979*v - 63 + 6. Calculate the remainder when 248 is divided by x(8).
23
Suppose 3*m - 27 = -3*z + 33, -4*m = 16. Calculate the remainder when 82 is divided by z.
10
Let o = 21247 + -21227. What is the remainder when 9159 is divided by o?
19
Let d(g) = 30*g + 83. Let n = -11 - -15. Suppose -n*v + v = -336. Calculate the remainder when v is divided by d(-2).
20
Let j(a) = 5*a + 7. Let h(n) = n**2 + 2*n + 2. Let q(f) = 8*h(f) - 3*j(f). Suppose -2*g + 0*g + 4 = 0. What is the remainder when q(g) is divided by 11?
7
Let f = 38 - 35. Suppose 0*h + 42 = 3*h + b, 5*h - 70 = -f*b. Let x = -9 + h. Calculate the remainder when 33 is divided by x.
3
Let v(b) = -b**3 - 6*b**2 + 8*b - 14. Let y be v(-8). Suppose -7*i = -9*i + y. Suppose -594 = -4*m - 2. What is the remainder when m is divided by i?
23
Suppose -2*l + l = 3*y - 53, 0 = 3*l + 2*y - 187. Let o = l - 29. Suppose -7*w + o = -20. What is the remainder when 31 is divided by w?
7
Let n(f) = 30*f - 65. Let c be n(3). Suppose c*u = -7*u + 1120. What is the remainder when u is divided by 3?
2
Suppose 2553 = -976*t + 1045*t. Let p = 292 - 111. What is the remainder when p is divided by t?
33
What is the remainder when 1594 is divided by ((-5314)/(-5))/2 + 1 + 77/(-55)?
1
Suppose 66*q = 7631 + 14281. Calculate the remainder when q is divided by 5.
2
Suppose 5*y - 377 = b, -5*y = -14*b + 10*b - 368. Calculate the remainder when 909 is divided by y.
73
Let d be ((-47)/94)/((-1)/(-514)*1). Let t = -183 - d. What is the remainder when t is divided by 19?
17
Let h(u) = -u**3 + 14*u**2 - 17*u + 18. Let x be h(13). Suppose -4*g + 100 = -0*g. Calculate the remainder when (1 - -1) + (63 - x) is divided by g.
24
Let f(k) be the first derivative of k**4/4 - 3*k**3 + 9*k**2/2 + 2*k + 37. What is the remainder when f(9) is divided by 17?
15
Calculate the remainder when 300/(-250) + (12/5)/((-4)/(-4262)) is divided by 80.
76
Let g(h) = -h**3 + h**2 + 12*h + 51. Calculate the remainder when 165 is divided by g(-4).
82
Let q = -1346 + 1545. What is the remainder when 989 is divided by q?
193
Let r = -40 - -170. Suppose 24 = -124*i + r*i. Calculate the remainder when 102 is divided by i.
2
Suppose -10*x - r + 15 = -9*x, -4*x + 55 = 5*r. Suppose 3*p = -11 + x. Calculate the remainder when 3 is divided by p.
0
Let p(v) = 33*v**2 + 1737*v + 95. What is the remainder when p(-53) is divided by 92?
87
Suppose -1040 = 5*p + 5*m, m - 586 = 5*p + 478. Let r = -93 - p. Let c = -23874 + 23889. Calculate the remainder when r is divided by c.
14
Suppose 1449 = 76*k - 2351. Calculate the remainder when 300 is divided by k.
0
Let l be -3 - (-554)/(-4)*-6. Suppose -l = -9*g + 135. What is the remainder when g is divided by 22?
19
Let s = 12352 - 11597. Calculate the remainder when 2271 is divided by s.
6
Suppose -1 + 4 = 3*w, -2*v + w - 209 = 0. Let i = 129 + v. What is the remainder when i is divided by 13?
12
Suppose 6*v + 5*o + 304 = 30*v, -5*o = -3*v + 73. What is the remainder when 2855 is divided by v?
6
Suppose -2 = q - 31. Suppose -52*o + 60*o = 24. Suppose x - 9 = a, -o*x + 40 = -5*a + 11. Calculate the remainder when q is divided by x.
5
Let o = 2123 - 2103. What is the remainder when 197 is divided by o?
17
Let d = -429 - -669. Suppose -12*t - d = -2316. What is the remainder when t is divided by 29?
28
Let t = 649 + -496. Calculate the remainder when t is divided by (-24)/228 + (-633)/(-57).
10
Calculate the remainder when 6230 is divided by 33 - ((-10 + 100)/9)/1.
20
Let d(y) = 53*y**2 - 1 + 4*y - y - 1. Let a = -1630 - -1631. What is the remainder when d(a) is divided by 19?
16
Suppose -50*y + 6045 = 15*y. Calculate the remainder when 279 is divided by y.
0
Let w(y) = -3*y**2 - y + 13. Let k be w(0). Suppose -24 = -k*f + 795. What is the remainder when 117 is divided by f?
54
Let c(z) = 779*z**2 - 1075*z + 3226. What is the remainder when c(3) is divided by 23?
20
Suppose 0 = -5*g + 5*v - 3725 + 19075, g + 5*v - 3094 = 0. What is the remainder when g is divided by 28?
22
Let o(l) = -34*l + 1. Let u be o(-2). Suppose 3*g - 1861 + 1717 = 0. Let q = u - g. What is the remainder when 39 is divided by q?
18
Calculate the remainder when ((-1570)/(-25))/(6/135) is divided by 10.
3
Let x(o) = -9*o**2 - o - 1. Let q be x(1). Let l(y) = 4*y**2 + 41*y - 11. Calculate the remainder when l(q) is divided by 22.
0
Let d(t) = 3*t - 17. Suppose k - 5 = 3*s, 2*s + 0 = -2*k + 10. Suppose -p - k*p = -378. What is the remainder when p is divided by d(11)?
15
What is the remainder when 2993 is divided by (-236)/(-177) + (-850)/(-6)?
133
Suppose -2*h - 4*g = -206, -8*h + 287 = -5*h - 5*g. Calculate the remainder when (0 - h)*(-8 - -7) is divided by 35.
29
What is the remainder when (-378)/81*6/4 - -567 is divided by 192?
176
Suppose -185*y + 9315 = -70*y + 92*y. What is the remainder when -2 + 225 + (0 - 1) is divided by y?
42
Let y(b) = 163*b - 956. Calculate the remainder when y(6) is divided by 10.
2
Suppose -396 = -4*p + 5*n, 3*p = -82*n + 87*n + 292. Calculate the remainder when p is divided by 85.
19
What is the remainder when (-49629)/(-426) + (-1)/2 is divided by 7?
4
Let m = -72 - -125. Let q(p) = -7*p**2 - 162*p + 548. Calculate the remainder when m is divided by q(-26).
25
Let r = 29 + -88. Let a = 313 - 220. Let j = 